8/4 - ((-11)/(-2))/11 is divided by 5.
4
Let h = 38 - 30. What is the remainder when 23 is divided by h?
7
Let b(h) = h**2 + 3*h - 4. Let g(a) = -a**2 - 8*a - 9. Let u be g(-6). Let t be b(u). Suppose 4 - t = -5*v. What is the remainder when 3 is divided by v?
1
Suppose b = -3*b. Suppose -t + b*t + 3 = 0. Suppose -o + 3*o - 93 = -t*m, -2*o + 159 = 5*m. Calculate the remainder when m is divided by 17.
16
Let y = 8 - 17. What is the remainder when 28 is divided by -1 - (y + -3 + 5)?
4
Suppose 4*c - 56 = 420. Calculate the remainder when c is divided by 31.
26
What is the remainder when 1/(-5) + (-276)/(-5) is divided by 30?
25
Suppose i = -3*i + 192. What is the remainder when i is divided by 26?
22
Let b(r) = -r**2 + 7*r + 8. Suppose 0 = -0*g - 5*g + 35. What is the remainder when 30 is divided by b(g)?
6
Let h = -48 - -44. Let z(u) = 0 + 0 + 3*u + u**2. Calculate the remainder when 5 is divided by z(h).
1
Let h be (-2)/2 + 1*14. Let p = h - -3. Let g = -2 - -11. What is the remainder when p is divided by g?
7
Let z be (-3 - (51 + 2)) + -1. Let s = -34 - z. What is the remainder when s is divided by 8?
7
Let b(q) = -q**2 + 9*q + 1. Calculate the remainder when 74 is divided by b(6).
17
Suppose 5*t - 65 + 15 = 0. Let j(f) = f**3 - 10*f**2 + 3*f + 1. What is the remainder when 123 is divided by j(t)?
30
Suppose -2*z + 4 = -276. Suppose -4*n + z = n. Calculate the remainder when n is divided by 15.
13
Let c = 21 - 13. What is the remainder when 14 + (-6)/36*0 is divided by c?
6
Let f(n) = -7*n + 4*n**2 - n**3 + 3*n + 6 + n**2. What is the remainder when 10 is divided by f(4)?
4
Suppose 0 = -5*z + 5 - 40. Let d = z - -33. Calculate the remainder when d is divided by 9.
8
Let g(p) = -p**3 - p**2 - 1 + 5 + 2*p**3 + 0 + p. What is the remainder when 10 is divided by g(0)?
2
Suppose -196 = -4*o + 7*q - 2*q, 4*q - 98 = -2*o. Calculate the remainder when o is divided by 17.
15
Let g be ((-20)/6)/((-2)/12). Suppose 5*j - 2*h = -7*h + 40, -g = -5*j + 5*h. Let s(u) = -3*u + 5. What is the remainder when s(-4) is divided by j?
5
Suppose 3*w - 18 = -0*w. Let r = 5 - 2. Suppose -2*h - 13 = -r*i - h, -w = -i + 2*h. Calculate the remainder when 11 is divided by i.
3
Let w(d) = -2*d**3 - d**2 - d - 1. Suppose 0 = 2*t, 2*v - 10*t = -11*t + 72. Calculate the remainder when v is divided by w(-2).
10
Suppose -3*q + 24 = q. Let z(f) = -f**3 - 2*f**2. Let x be z(-2). Suppose -j = -q - x. Calculate the remainder when 11 is divided by j.
5
Suppose 3*v - 1 = -7. Calculate the remainder when 31 is divided by (1/v)/(2/(-32)).
7
Let q = 13 + -8. Suppose 5*g + 112 = -2*t + 362, -g + 2*t + 62 = 0. Calculate the remainder when g is divided by (-27)/((30/(-4))/q).
16
Let r(w) = w + 6. Suppose i + 4*v - 7 = 12, 38 = 5*i + v. Let s(d) = d**3 - 7*d**2 + 3*d + 4. Calculate the remainder when s(i) is divided by r(7).
12
Suppose 2*q + 5*g - 68 = g, 0 = -5*q - g + 143. Let n(a) = -a**3 + 4*a**2 + 4*a - 1. Calculate the remainder when q is divided by n(4).
13
Let f = -34 - -15. Let x = 36 + f. What is the remainder when 31 is divided by x?
14
Suppose -4*n - 3*r + 0*r = -107, 5*n - 5*r - 90 = 0. Calculate the remainder when 65 is divided by n.
19
Let r = -2 + 4. Suppose -33 = -r*k - 5*s, -5*s + 1 + 18 = k. Suppose 4*c = 91 + 121. What is the remainder when c is divided by k?
11
Suppose 4*h - 5 = -q - 4, h = 4*q - 4. Let m = 24 - 17. Suppose h*k - m = -k. Calculate the remainder when 13 is divided by k.
6
Let g be (0 - -1)/(-1 + 2). Calculate the remainder when 22 is divided by -1*(g - 7) + 2.
6
Calculate the remainder when (-1)/(-4 - 86/(-22)) is divided by 3.
2
Suppose -4*d = 8 - 196. Let t(j) = -2*j + 4. Let c be -6 - (2 + 1*-2). What is the remainder when d is divided by t(c)?
15
Suppose -5*c + 3*m = -30, 4*m + 0*m = 3*c - 18. Suppose -32 = -0*u + 4*u. What is the remainder when 22/3*(-12)/u is divided by c?
5
Suppose -4*t = 2*x - 44, 3*x - 3*t - 88 = -x. What is the remainder when 86 is divided by x?
20
Let v(q) = -q**3 - 5*q**2 - 4*q + 3. Suppose 0 = -3*d - 1 + 19. Let j(g) = -g + 2. Let t be j(d). What is the remainder when 10 is divided by v(t)?
1
Let b(d) = d**2 - d - 4. Let j be b(6). Let y = -14 + j. What is the remainder when 22 is divided by y?
10
Let t = 9 - 5. Suppose -t = 2*u - 44. Calculate the remainder when 59 is divided by u.
19
Suppose 3*d = -3*v, 0 = -d + 4*d - 4*v - 7. Let x be d*3*(4 + -7). What is the remainder when x*(-6)/9 + -1 is divided by 3?
2
Let j(k) = -k**3 + k - 1. Let v be j(-2). Suppose 3*g = 2*g + v. Let b(f) = f**2 - 3*f + 3. What is the remainder when b(5) is divided by g?
3
Let s(y) = y**2 - 2*y + 17. What is the remainder when 101 is divided by s(0)?
16
Let x(u) = -71*u - 3. What is the remainder when x(-1) is divided by 23?
22
Let q = 22 + -12. Let m(u) be the second derivative of u**4/12 - u**3 - 11*u**2/2 - 5*u. What is the remainder when m(10) is divided by q?
9
Let d be (-10)/(-4) + 2/4. Suppose -4*r = -8*r + 12. Suppose 2*n - d*l - 50 = -l, -50 = -r*n - 2*l. Calculate the remainder when n is divided by 7.
6
Let p be 12/(-2) + (-2 - -3). Let z(l) = -6*l + 1. Calculate the remainder when z(p) is divided by 16.
15
Suppose 29 - 9 = 4*s. Suppose -2*j + 8*v + 39 = 3*v, 3*j - 6 = -3*v. Calculate the remainder when j is divided by s.
2
Suppose -3*g - 24 = 3*w - 60, 2*g + 3*w = 29. Calculate the remainder when 19 is divided by g.
5
Let l(k) = k**2 + 10*k + 12. Let o(r) = 3*r + 2. Let z be o(-4). Let a = -45 - -68. Calculate the remainder when a is divided by l(z).
11
Let k be 1*14*(-16)/(-56). Suppose -k*j + 82 - 10 = 0. What is the remainder when 34 is divided by j?
16
Let j(s) = -s + 18 + 5*s - 23. Suppose -3*x - 31 + 8 = -2*y, 0 = -4*y - x + 25. What is the remainder when j(y) is divided by 12?
11
Suppose 5*z - 414 - 239 = 3*c, 2*z - 3*c = 263. What is the remainder when z is divided by 28?
18
Suppose 0 = -4*q + 5*i + 142, 194 = 4*q + q + 2*i. Let f(c) = -c**2 + 15*c + 44. Calculate the remainder when q is divided by f(17).
8
Suppose 0 = -v + 52 - 10. Let x = -26 + v. Calculate the remainder when x is divided by 6.
4
Suppose 2*a = -2*j + 162, -2*a - 3*j = -2*j - 165. What is the remainder when a is divided by 17?
16
Let g = 52 + -39. Calculate the remainder when ((-37)/(-4))/(2/8) is divided by g.
11
Let i(m) = 3*m**2 + m - 4. Let l(v) = 4*v**2 + v - 3. Let y(n) = -3*i(n) + 4*l(n). Calculate the remainder when (-2)/(((-8)/(-22))/(-2)) is divided by y(-1).
5
Let n = 1 - -20. Calculate the remainder when n is divided by 12.
9
Let b(d) = -d**3 - 7*d**2 - 8*d + 6. Let t be b(-6). Suppose n = -t + 97. What is the remainder when n is divided by 20?
19
Let c = 14 + -10. Suppose c*f - 36 = 12. Calculate the remainder when f is divided by 7.
5
What is the remainder when -1*(-4)/(-18) + 308/9 is divided by 6?
4
Let c be 3 - 1 - (-1 - -1). Calculate the remainder when 26 is divided by 3/c*18/3.
8
Let m(f) be the first derivative of f**4/4 + 7*f**3/3 + f**2/2 - 3*f + 3. Let r = -32 + 53. Calculate the remainder when m(-4) is divided by r.
20
Let h(n) = -n**3 - 8*n**2 + 9*n. Let s be h(-9). Suppose s*l - l + 3*a - 12 = 0, -l - 5*a - 52 = 0. What is the remainder when (-627)/l - 2/9 is divided by 6?
5
Suppose 3*y + 179 = 5*f, f - 16 = -4*y + 29. Calculate the remainder when f is divided by 7.
2
Calculate the remainder when (-94)/4*(-16)/2 is divided by 64.
60
Suppose -3 = -3*g - 63. Let r = g + 30. Suppose 4*o = -0 + 76. Calculate the remainder when o is divided by r.
9
Let q = 0 - -1. Let a(j) = j**2 + 4*j - 1. Let p be a(-5). Suppose 4*x - 12 = -p. What is the remainder when x is divided by q?
0
Let l = 26 + -12. Calculate the remainder when 25 is divided by l.
11
Let s = 62 - 53. What is the remainder when 25 is divided by s?
7
Let h(r) = r**2 - 3*r + 2. What is the remainder when 25 is divided by h(4)?
1
Suppose 5*l = -115 + 425. Calculate the remainder when l is divided by 21.
20
Suppose 3*k + u = 34 + 1, -u - 9 = -k. What is the remainder when 32 is divided by k?
10
Let w = 137 - 48. Calculate the remainder when w is divided by 10.
9
Let i = -5 - -15. Suppose u = 21 + 8. Calculate the remainder when u is divided by i.
9
Let w(c) = -4*c - 72. What is the remainder when w(-30) is divided by 17?
14
Let a(i) = i**3 + i**2 - i. Let l be a(0). Let g = 2 + l